 be (1 - 8/(-20))*l. Calculate the greatest common factor of c and 77.
7
Let g(j) = j - 20. Let b be g(-19). Let l = b - -46. Calculate the highest common factor of l and 7.
7
Let i be (1068/18 + (-18)/27)*3. What is the highest common divisor of 22 and i?
22
Suppose -5*b = -8*b + 18. What is the highest common divisor of 3 and b?
3
Let z(k) = -11*k - 21. Let c be z(-6). Calculate the greatest common factor of c and 10.
5
Let k be 6 - (-24810)/54 - 36/81. What is the greatest common divisor of 45 and k?
15
Suppose 5*v - 129 = 151. Let b = -3254 - -3270. Calculate the greatest common divisor of v and b.
8
Let p be (-12)/(-22) - 4596/(-44). Let b be (-2)/4 - 182/(-4). Suppose 3*v + 0*v - b = 0. Calculate the greatest common divisor of v and p.
15
Let h(k) = -k. Let q(w) = -w + 1. Let g(n) = 7*h(n) - 4*q(n). Suppose 9*s + 33 = -39. Let a be g(s). Calculate the greatest common factor of 5 and a.
5
Suppose 5*g + 25 = -10. Let j = 10 + g. Suppose -37 = -l - a, -6*l = -l + j*a - 187. Calculate the greatest common factor of 19 and l.
19
Suppose 4*a = 2*a - 4*f - 8, 5*f = -5*a. Suppose -r = a*b - 112 + 18, 87 = r - 3*b. Calculate the highest common divisor of 30 and r.
30
Let f be 6/(-4)*(-84)/9. Suppose 2*a = -a + 462. Suppose 0 = -3*b - a + 616. What is the highest common factor of b and f?
14
Let a(d) = -46*d - 193. Let j be a(-9). Calculate the highest common divisor of 65 and j.
13
Let x(o) = -o**3 + 1. Let p(u) = 7*u**3 - 33. Suppose -18 - 6 = 4*f. Let j(g) = f*x(g) - p(g). Let t be j(0). What is the highest common factor of t and 3?
3
Let u(l) be the third derivative of -l**6/60 + l**5/5 - 3*l**4/8 + 11*l**3/6 - 24*l**2. Let o be u(5). Calculate the highest common divisor of 208 and o.
16
Suppose -5*z = -3*u + 1307, 5*u - 1720 = u + z. Calculate the highest common divisor of 39 and u.
39
Suppose 4*r - 128 = 2*r. Let f be 6 + 4 + 30/5. What is the highest common factor of r and f?
16
Suppose 4*q - 120 = 4*o, 0*q - 120 = -5*q - o. Let d(x) = 301*x - 19. Let m be d(1). Suppose -8*w + m = 82. What is the highest common divisor of q and w?
25
Suppose 3*u + 9 = 0, 0 = 4*q - q - 2*u - 30. Let a = -2 + 6. Suppose x - 3*x - 11 = -c, a*c - 5*x = 29. Calculate the greatest common factor of q and c.
1
Let x be 5/2*(-18)/9. Let g = x + -2. Let u = 24 + g. Calculate the highest common factor of 17 and u.
17
Suppose 13 = 4*k - 3. Let b(m) = m**2 - 5*m - 640. Let z be b(28). Calculate the greatest common divisor of z and k.
4
Let h be 2 - 2 - 3 - -6. Suppose -h*b = -5*b + 14. Suppose -3*o + 60 = 4*r - b*o, 0 = r + o - 17. Calculate the highest common factor of 4 and r.
4
Let c = -1501 - -1531. What is the highest common divisor of c and 1065?
15
Let l be 42/(2/(1 - -1)). Suppose 2*u - 5*u = -l. Let t = -672 - -826. Calculate the highest common factor of t and u.
14
Suppose -2*z - 716 + 272 = -4*u, -z + 328 = 3*u. Calculate the highest common divisor of u and 30.
10
Let a = 560 - 427. Calculate the highest common factor of a and 57.
19
Let q(j) = -j - 1. Let i(k) = 6*k - 1. Let n(s) = i(s) + 4*q(s). Let m be n(4). Let o = 7 + m. Calculate the greatest common divisor of o and 110.
10
Suppose 0 = j + 3*r + 18, r + 1 = -4*j - 16. Let u be (23 + j)/5 + 26. What is the greatest common factor of 300 and u?
30
Let q = 0 - -4. Suppose -3*j + j - 2*g = 40, 0 = q*g - 20. Let t = j + 28. What is the greatest common divisor of 33 and t?
3
Suppose -3*d = 4*v - 10, -3*d = -4*v - 4 + 2. Suppose 218 = 3*i + d*j, 5*j - 358 = -5*i + 7. Calculate the highest common divisor of 8 and i.
8
Let r(q) = -q + 9. Let f be r(-10). Suppose -85 = k - 104. Calculate the greatest common factor of k and f.
19
Let t(m) = 5*m + 195. Let a be t(-23). Calculate the greatest common factor of a and 1360.
80
Let o(k) = -4 - 13 + 6 + 5 + k**3 + 6*k + 8*k**2. Let b be o(-7). What is the greatest common divisor of b and 3?
1
Suppose x - 4 = -12. Let w be 2/x + (-609)/28. Let j = 46 + w. Calculate the greatest common factor of j and 16.
8
Suppose 3*d - 4*d = -120. Suppose 0*a = 4*a - d. What is the greatest common factor of 45 and a?
15
Let f be ((15 - 17) + (-11)/1)*-21. What is the greatest common factor of 195 and f?
39
Suppose -4*w + 78 = -38. Calculate the highest common factor of 551 and w.
29
Let h = -310 + 559. Calculate the greatest common divisor of h and 6.
3
Let y = 534 + -523. What is the highest common factor of y and 22?
11
Let p(s) = 8*s + 2. Let k be p(2). Let g(v) be the third derivative of 15*v**4/8 - 32*v**2. Let f be g(1). What is the highest common divisor of f and k?
9
Suppose 163 - 1255 = -26*p. Calculate the highest common factor of p and 24.
6
Suppose -2024 = -254*j + 243*j. What is the greatest common divisor of 115 and j?
23
Let t = 150 + -132. Calculate the highest common divisor of 2 and t.
2
Let u be (-972)/(-21) + 11/((-385)/10). Calculate the greatest common divisor of u and 2.
2
Let n(b) = b**3 - 21*b**2 + 38*b + 2. Let r be n(19). Suppose r*u = -2 + 30. Let v(d) = 29*d - 2. Let q be v(2). What is the highest common divisor of q and u?
14
Let v(u) = 14*u - 4. Let i be v(7). Let d = i - 49. What is the greatest common divisor of 5 and d?
5
Suppose -a + 2*a - 3 = 0, -a + 573 = 5*f. Calculate the highest common divisor of 1824 and f.
114
Suppose -143 = 5*j - 8. Let t = j + 104. Calculate the greatest common divisor of 11 and t.
11
Let r(q) = q - 3 + 5*q**2 - 5*q + q**2. Let a be r(-3). Let y = -6225 + 6232. What is the highest common divisor of a and y?
7
Let n = 3612 + -1731. Calculate the greatest common divisor of n and 297.
99
Let x(u) = u**3 + 6*u**2 - 8*u - 6. Let i be x(-7). Let p be (-1)/(i/(-31) - 0). Let k = 506 - 289. Calculate the highest common factor of p and k.
31
Suppose -18*p = 2*n - 17*p - 9, 2*p - 12 = -n. Let x(s) = s. Let c be x(1). Let w = c - -7. Calculate the highest common divisor of w and n.
2
Let a = -99 + 398. What is the greatest common factor of 13 and a?
13
Let i be 6 - ((-1 - -2) + -1). What is the highest common divisor of 258 and i?
6
Let d = -1512 + 1518. Suppose 2*q = 10, -2*j + 5*q - 2 - 15 = 0. What is the highest common factor of j and d?
2
Let v be 7 - (1 + -1 + 4). Let b(i) = i**2 + 3*i - 3. Let w be b(3). What is the greatest common factor of v and w?
3
Let m(h) = 2*h**2 + 2*h + 4. Let i be m(5). Suppose 4*u + 60 = u. Let k be (44/(-10) - -4)*u. Calculate the greatest common factor of k and i.
8
Let x(s) = -15*s**2 + 10*s + 0 + 6*s + s**3 + 3*s - 4. Let u be x(14). What is the highest common divisor of u and 33?
33
Let c be 3/30*-1 + 54533/230. Calculate the greatest common factor of 553 and c.
79
Suppose 3*l = -3*t + 681, 5*l - 6*t = -2*t + 1180. Calculate the highest common factor of l and 174.
58
Suppose 0 = 2*g - 7*g + 100. Let p(z) = 12*z**2 - 27*z - 80. Let b be p(-4). What is the highest common divisor of b and g?
20
Suppose -22*x + 26*x = b - 8, 0 = 2*x - 10. What is the greatest common divisor of b and 371?
7
Let q(x) = -x**2 - 4*x + 2. Let v be q(-5). Let c be (0 - v/(-4))*-8. What is the highest common divisor of 15 and c?
3
Let s(m) = -18*m**2 - m. Let k be s(-1). Let l = -21 - k. Let c = l + 6. What is the greatest common factor of c and 2?
2
Suppose -20*w = -9187 + 607. What is the greatest common divisor of w and 33?
33
Let t(q) = 12*q**2 - 5*q - 3. Let v be t(-3). Let p be ((-5)/4)/(12/(-288)). Calculate the greatest common divisor of v and p.
30
Suppose -3*y + 38 = -34. Calculate the greatest common divisor of y and 216.
24
Let w = 183 - 176. Calculate the highest common factor of w and 112.
7
Suppose 80 = -2*n + 6*n. Let k = 38 - n. Suppose -4*h = -h - k. What is the greatest common divisor of h and 9?
3
Suppose -28*t + 34*t - 24 = 0. Suppose -p - 3*u = -9, 3*p - u = p + t. Calculate the highest common factor of p and 45.
3
Let z = -96 + 97. Calculate the greatest common divisor of 157 and z.
1
Let k(r) = 3*r**2 + 3*r + 4. Let f = -30 + 26. Let l be k(f). Let w = 66 - l. What is the greatest common divisor of w and 104?
26
Let h(j) be the second derivative of -j**3 - 5*j**2/2 + 12*j. Let v be h(-3). Calculate the greatest common divisor of v and 26.
13
Let m = -991 + 1399. What is the greatest common factor of 72 and m?
24
Let m(a) = -a**2 + 13*a - 6. Let z be m(11). Suppose z = j - 29. Calculate the greatest c